- 3*g**2 + 1. Give b(2).
-3
Let f(l) = l**3 - l**2 + l - 20. What is f(0)?
-20
Let v(t) = t**3 - 8*t**2 + 8*t + 7. Give v(7).
14
Let j(v) = v**2 + 6*v + 9. What is j(-5)?
4
Let p(j) = 22*j - 5. Calculate p(2).
39
Let b(f) = 2*f - 1. Determine b(-5).
-11
Let y(k) = -k + 8. What is y(-8)?
16
Let y(p) = p**3 - 6*p**2 - 2*p - 3. What is y(6)?
-15
Let o(z) = -2*z + 9. Give o(-8).
25
Let r(x) = 3*x - 6. Calculate r(9).
21
Let b(n) = n**3 - 6*n**2 - 7*n - 7. What is b(8)?
65
Let c(y) = -y + 1. Give c(-13).
14
Let u(k) = -101*k + 2124. Give u(21).
3
Let h(k) = -k**3 + 10*k**2 - 10*k + 12. What is h(9)?
3
Let j(s) = -7*s**2 - 2*s - 2. Give j(-1).
-7
Let n(u) = -u**3 - 6*u**2 - 3*u + 7. Give n(-5).
-3
Let z(f) = -2*f**3 + 35*f**2 - 16*f - 13. Determine z(17).
4
Let n(s) = -s**2 + 3*s + 3. What is n(3)?
3
Let o(v) = -3*v - 15. Give o(-10).
15
Let y(p) = 2*p**3 - p**2 + 3*p. Give y(2).
18
Let k(l) = l**3 + 4*l**2 - 10*l + 6. What is k(-6)?
-6
Let f(i) = i**2 + 28*i + 74. Calculate f(-25).
-1
Let i(p) = p**3 - 32*p**2 + 43*p - 374. Determine i(31).
-2
Let g(c) = -c**2 + 30*c - 127. Give g(5).
-2
Let m(i) = -2*i**3 - i + 1. Calculate m(1).
-2
Let q(f) = -5*f - 46. What is q(-20)?
54
Let r(z) = 6*z + 26. Give r(-15).
-64
Let i(o) = o + 7. What is i(-6)?
1
Let h(n) = -6*n + 64. Determine h(11).
-2
Let w(s) = -7*s**3 - 3*s**2 + 1. Determine w(1).
-9
Let v(w) = 2*w**3 - 27*w**2 + 17*w - 39. Calculate v(13).
13
Let k(g) = 11*g + 3. Calculate k(4).
47
Let v(f) = f + 24. What is v(4)?
28
Let v(s) = -7*s + 21. Determine v(4).
-7
Let v(b) = -5*b**3 - 1. What is v(1)?
-6
Let z(c) = c**3 - 3*c**2 + 2*c - 32. Give z(5).
28
Let d(m) = 23*m + 42. What is d(-2)?
-4
Let v(a) = -a**3 + 2*a**2 + 7*a - 5. Determine v(4).
-9
Let p(u) = u**2 + 30*u - 105. Calculate p(-33).
-6
Let n(r) = r**2 - 5*r - 11. Give n(6).
-5
Let j(l) = -2*l**2 + 15*l - 1. What is j(13)?
-144
Let q(b) = b**2 - 16*b + 31. Determine q(15).
16
Let p(d) = d**3 - 18*d**2 + 12*d + 68. What is p(17)?
-17
Let l(o) = o**3 + o**2 - 18*o - 30. Determine l(-4).
-6
Let k(z) = z**2 - 4*z - 21. What is k(-6)?
39
Let w(c) = 2*c**3 + 3*c**2 - 4*c + 13. What is w(-3)?
-2
Let y(f) = -f**3 + 20*f**2 - f + 22. What is y(20)?
2
Let t(s) = 10*s + 13. What is t(3)?
43
Let i(h) = h**2 + 9*h + 12. Calculate i(-8).
4
Let y(d) = d**2 + 17*d + 7. Give y(-7).
-63
Let t(x) = x**3 + 2*x**2 + 2*x - 5. Determine t(-3).
-20
Let t(f) = f**3 + 6*f**2 - 157*f + 29. What is t(-16)?
-19
Let l(p) = -p**3 - 7*p**2 - 4*p + 5. Give l(-3).
-19
Let y(u) = 8*u - 2. Determine y(4).
30
Let p(f) = f**2 + 6*f + 4. Give p(-7).
11
Let u(x) = 127*x - 3. Determine u(1).
124
Let x(t) = -t**3 - 2*t**2 + 8*t - 2. Determine x(-4).
-2
Let n(g) = -6*g + 82. Give n(13).
4
Let p(x) = -x**3 + 15*x**2 - 52*x + 94. Determine p(11).
6
Let o(b) = -b**2 - 2*b + 8. Calculate o(-5).
-7
Let f(i) = -i**3 - 4*i**2 + 18*i + 2. Give f(-7).
23
Let l(n) = -n**2 - 17*n - 18. Calculate l(-16).
-2
Let j(q) = q**3 - 14*q**2 - 17*q + 22. Give j(15).
-8
Let j(m) = -m**3 + 41*m**2 + 92*m - 257. Determine j(43).
1
Let f(c) = 3*c**2 - 8*c + 3. Determine f(3).
6
Let j(q) = q**3 + 7*q**2 + 5*q - 5. Calculate j(-5).
20
Let u(k) = -k**2 - 15*k + 56. Determine u(-17).
22
Let q(u) = -2*u**2 + u - 6. Calculate q(3).
-21
Let m(i) = -9*i - 172. Determine m(-19).
-1
Let s(o) = o**3 + 23*o**2 - 24*o + 2. What is s(-24)?
2
Let n(f) = -2*f**3 - f**2 - 3*f + 27. Determine n(0).
27
Let b(z) = 3*z**3 - z**2 - z. Give b(-1).
-3
Let x(u) = 4*u - 5. Determine x(6).
19
Let h(z) = -z - 12. Give h(-13).
1
Let v(b) = -b**2 + 13*b - 7. Determine v(10).
23
Let b(d) = d**3 - 6*d**2 - 12*d + 30. What is b(7)?
-5
Let c(u) = -u**3 + 5*u**2 + 3*u - 18. What is c(0)?
-18
Let d(x) = -2*x**3 + 3*x**2 - 1. Give d(3).
-28
Let l(a) = -3*a**3 - a**2 + 2*a - 2. Determine l(2).
-26
Let n(m) = 8*m - 40. Calculate n(5).
0
Let j(s) = -4*s - 10. Give j(-7).
18
Let j(r) = -10*r + 1. Determine j(-5).
51
Let d(t) = 6*t**2 + 7*t + 1. What is d(-4)?
69
Let i(s) = s**3 + 7*s**2 + 9*s + 12. Give i(-6).
-6
Let x(d) = -2*d**2 - 19*d + 17. Calculate x(-10).
7
Let m(s) = -s**3 + 7*s**2 - 4*s - 4. Determine m(4).
28
Let d(h) = 5*h**2 + 171*h + 41. What is d(-34)?
7
Let w(n) = -3*n - 32. Give w(-11).
1
Let g(v) = -v**3 + 9*v**2 - 18*v + 7. Determine g(6).
7
Let b(a) = a**2 - 8*a + 3. Calculate b(6).
-9
Let a(n) = n**3 - 5*n**2 - 21*n + 6. Determine a(7).
-43
Let i(c) = -c**3 + 36. What is i(0)?
36
Let m(f) = f**3 + f**2 + f - 5. Give m(0).
-5
Let d(l) = -l**3 + 19*l**2 - l + 9. What is d(19)?
-10
Let h(c) = 28*c**2 + 2*c + 1. Calculate h(1).
31
Let t(f) = 2*f**2 - 42*f - 2. Determine t(21).
-2
Let o(i) = -2*i**2 - 86*i + 114. Calculate o(-44).
26
Let a(j) = -10*j**3 - 2*j**2 - 2*j + 3. Give a(1).
-11
Let x(k) = -k**2 + 17*k - 42. Determine x(7).
28
Let g(i) = 3*i - 8. Give g(3).
1
Let q(i) = -5*i**2 + 41*i - 46. Give q(7).
-4
Let o(d) = 3*d**3 + 10*d**2 + 2*d + 5. Determine o(-3).
8
Let m(n) = -8*n + 87. Determine m(11).
-1
Let l(g) = 2*g**2 - 2*g + 3. Give l(2).
7
Let c(p) = -p**2 - 11*p - 20. Give c(-4).
8
Let f(w) = -w**3 - 8*w**2 - 8*w + 16. Calculate f(-5).
-19
Let o(f) = -39*f + 8. Determine o(2).
-70
Let w(z) = -9*z + 30. Determine w(5).
-15
Let d(o) = o**2 + 8*o - 14. Calculate d(-9).
-5
Let v(c) = -4*c + 7. Give v(-4).
23
Let r(x) = -x**2 + 25*x - 39. Determine r(24).
-15
Let k(d) = -d**3 - 12*d**2 + 11*d - 28. Calculate k(-13).
-2
Let l(f) = f**2 + 5*f - 8. Determine l(-7).
6
Let k(b) = 6*b - 3. What is k(-1)?
-9
Let i(m) = m**2 - 4*m - 22. Give i(6).
-10
Let k(t) = t**3 - 3*t**2 - t - 3. What is k(4)?
9
Let r(n) = -9*n - 4. Calculate r(-3).
23
Let p(o) = 24*o - 13. Give p(1).
11
Let b(v) = v**3 + 25*v**2 + 113*v - 21. What is b(-19)?
-2
Let r(y) = -31*y - 313. What is r(-10)?
-3
Let t(c) = -2*c - 14. Calculate t(-6).
-2
Let y(g) = 2*g + 26. Give y(16).
58
Let w(f) = -f**3 + 4*f**2 - f - 5. Calculate w(4).
-9
Let f(h) = 9*h + 9. What is f(4)?
45
Let a(d) = -d**3 - 12*d**2 + 31*d + 26. Determine a(-14).
-16
Let d(m) = m**3 + 6*m**2 + 7*m + 7. Give d(-5).
-3
Let h(t) = -t + 1. Give h(3).
-2
Let w(o) = 7*o - 7. What is w(0)?
-7
Let o(a) = -a**2 + 3*a. Determine o(3).
0
Let m(v) = v. What is m(-4)?
-4
Let y(q) = q**2 - 10*q + 9. Determine y(9).
0
Let k(v) = 2*v - 19. What is k(9)?
-1
Let k(z) = -z**3 + 4*z**2 + 2*z - 7. What is k(5)?
-22
Let o(n) = n**3 + 9*n**2 + 4. Determine o(-9).
4
Let a(c) = -4*c + 6. Give a(-3).
18
Let w(v) = -v**2 + 12*v - 12. Calculate w(8).
20
Let l(y) = 2*y + 17. What is l(-7)?
3
Let x(r) = -3*r**2 + 26*r - 26. Determine x(7).
9
Let b(a) = -5*a - 27. What is b(-7)?
8
Let v(a) = a**3 + 15*a**2 + 16*a + 8. Determine v(-14).
-20
Let g(t) = t**3 - 15*t**2 - 17*t - 19. Calculate g(16).
-35
Let i(z) = z**3 - 9*z**2 - 2*z + 17. Determine i(9).
-1
Let z(k) = k**2 - 36*k + 101. Give z(3).
2
Let k(m) = m**2 + 6*m - 104. Calculate k(-14).
8
Let t(x) = -7*x + 5. Calculate t(6).
-37
Let a(m) = m**3 - 2*m**2 - 4*m + 4. Calculate a(-2).
-4
Let j(o) = -o**2 - 22*o + 73. What is j(-25)?
-2
Let x(u) = -u**3 + 8*u**2 + u - 19. Calculate x(8).
-11
Let t(q) = 2*q**3 + 5*q**2 - 5*q - 4. What is t(-4)?
-32
Let x(w) = 3*w + 2. Give x(7).
23
Let q(d) = d**2 - 3*d - 6. Determine q(-4).
22
Let s(a) = a**3 + 6*a**2 - 2*a - 15. Determine s(-5).
20
Let u(c) = 29*c + 4. Give u(0).
4
Let w(m) = m**3 + 36*m**2 + 38*m + 44. What is w(-35)?
-61
Let c(d) = 10*d + 117. Determine c(-15).
-33
Let t(n) = n**3 + 20*n**2 - 19*n + 33. Determine t(-21).
-9
Let c(t) = -t - 19. Determine c(-7).
-12
Let f(l) = l**3 - 3*l**2 + 7. Calculate f(5).
57
Let m(p) = 3*p**2 + 3*p - 9. What is m(-4)?
27
Let p(b) = -b**3 - 22*b**2 + 18*b - 40. Determine p(-23).
75
Let c(m) = -8*m - 12. What is c(5)?
-52
Let w(q) = 3*q**2 + 70*q - 34. Give w(-24).
14
Let u(v) = -2*v**2 + 14*v + 15. Determine u(8).
-1
Let d(g) = -2*g + 1. Give d(-10).
21
Let b(w) = w**3 + 2*w**2 - 3*w - 3. What is b(-4)?
-23
Let w(m) = m + 27. What is w(-11)?
16
Let j(s) = s - 21. Calculate j(12).
-9
Let q(y) = -y**3 - 7*y**2 - 10*y - 2. Determine q(-6).
22
Let d(g) = g**2 + 15*g - 20. Determine d(-16).
-4
Let g(o) = o**3 + 40*o**2 - 44*o - 126. Calculate g(-41).
-3
Let f(m) = m**2 + 5*m + 6. Determine f(-5).
6
Let m(u) = u**3 + 10*u**2 - 11*u - 10. Determine m(-11).
-10
Let n(b) = -b**3 - 14*b**2 